i + 21, o*u + 6 = 3*i. Suppose p + 45 = x + u*x, x - 4*p - 30 = 0. What is the units digit of x?
0
Let a = 2147 + 951. What is the thousands digit of a?
3
Let z = 9 - 7. Let u be (144 - (-2 + 4))/z. Let w = -51 + u. What is the tens digit of w?
2
Let b(u) be the third derivative of -u**4/12 + u**2. Let i be b(-9). Suppose -o + 53 = i. What is the tens digit of o?
3
Let q(g) = -6*g**2 - 28*g - 18. Let b(k) = -7*k**2 - 29*k - 18. Let a(r) = -5*b(r) + 6*q(r). What is the units digit of a(-16)?
4
Suppose -10*v - 448 = 72. Let o = -2 + 75. Let i = o + v. What is the tens digit of i?
2
Let m = 2912 - 1100. What is the hundreds digit of m?
8
Suppose 74 - 407 = -9*h. Let x = h - 4. What is the tens digit of x?
3
Let b(o) = -o**2 + 3*o + 10. Let a be b(-4). Let t be ((-24)/(-9) - 2)*a. What is the tens digit of 18/t - (-82)/4?
1
Let k(m) = -m**3 + 4*m**2 - 2*m - 2. Let z be k(2). Let x be z/((-84)/(-40) - 2). Suppose 0 = -5*u + 75 + x. What is the units digit of u?
9
Let j = 15 + -27. Let i be j*1/(4/(-15)). Let g = -7 + i. What is the units digit of g?
8
Let a = 462 + -302. What is the hundreds digit of a?
1
Suppose 10*q - 8*q + 42 = 0. What is the tens digit of (-1980)/q - (-6)/(-21)?
9
Let j be ((-12)/2)/(4/(-10)). Suppose -414 = -j*f + 741. What is the units digit of f?
7
Let f(y) = 237*y + 11. What is the hundreds digit of f(7)?
6
Let j(p) = -11 - 85*p + 2 + 5. What is the units digit of j(-1)?
1
Let y be (-3)/12 - 2427/(-12). Suppose -2*d = -2*l + y, -d - 67 = 4*l - 456. What is the units digit of l?
8
What is the units digit of (-2400)/(-21) + (-95)/(-35) + -3?
4
Let h = -60 + -42. Let c = -66 - h. What is the tens digit of c?
3
Let f(q) = 1371*q + 159. What is the tens digit of f(2)?
0
Let m(z) = -z - 1. Let l(u) = 5*u + 3. Let h(b) = l(b) - 4*m(b). What is the units digit of h(12)?
5
Let s be (-2)/(-2)*(-5 + 8). Suppose 2*h - s = 3*h, 0 = -2*u - h + 11. Let g = -6 + u. What is the units digit of g?
1
Let v(n) = n**2 + 10*n + 226. What is the thousands digit of v(-36)?
1
Suppose -9*o - 3*o = -24. Suppose 0 = -4*x + 8, 2*c + c - 263 = o*x. What is the units digit of c?
9
Let q(m) = m. Let g(u) = -2*u**2 - 2*u - 2. Let t(z) = -g(z) - 10*q(z). Suppose 0 = -3*r + 1 + 11. What is the units digit of t(r)?
2
Let u(y) = y**3 + y**2 + y + 18. Let i be u(0). Suppose -2*f = -4*f + i. Suppose -2*p - f = -3*p. What is the units digit of p?
9
Let y(m) = -m + 12. Let u be y(9). Suppose -3*o + f - 6 = 0, u*f + 3 = o - 3. What is the tens digit of (-1)/(o*(-3)/(-126))?
1
Let y be (0 - (-9)/(-6))/(4/280). Let s = y + 217. What is the units digit of s?
2
Let u = 2085 - 673. What is the hundreds digit of u?
4
Let h = 2340 + -1565. What is the tens digit of h?
7
Let x = 14 - 28. Let l be 0*(3 + x/4). What is the tens digit of (1 + l)*-1 + 11?
1
Let y = 296 + 19. What is the tens digit of y?
1
Let i(l) = -14*l + 89. What is the units digit of i(-12)?
7
Let u be 4 - (-3 - (-4 - 2)). What is the units digit of 36 + u + (-6)/(-2)?
0
Let c = -146 - -32. Let x = 183 + c. What is the units digit of x?
9
Let b(q) = 28*q**2 - 3*q + 7. Let z(v) = 57*v**2 - 5*v + 13. Let x(f) = -5*b(f) + 3*z(f). What is the units digit of x(-2)?
8
Let p = 273 - 59. What is the tens digit of p?
1
Let t(y) = 4*y + 7. What is the units digit of t(31)?
1
Let n be 112/18 - 3*(-6)/(-81). Suppose n*l = 11*l - 640. What is the hundreds digit of l?
1
Suppose -3*q + 8 = -5*q, 3*m = q + 112. Let t = m - -34. What is the tens digit of t?
7
Suppose -4*w = 37 - 121. Suppose -209 = -4*j - w. What is the units digit of j?
7
What is the tens digit of (-42)/(-6) + -4 - -1 - -106?
1
What is the units digit of 54/90 + (-7672)/(-5)?
5
Let h(s) = -s**2 - 4*s + 53. Let j be h(0). Let l = 78 - j. What is the tens digit of l?
2
Suppose y + 18 = -4*g - 4, y = -3*g - 17. Let z be (-12)/(-3) + 8/y. Let c = z - -6. What is the units digit of c?
6
Suppose 36 = -2*m - 2*m. What is the tens digit of (-256)/(-5) - m/(-45)?
5
Let g = -1897 - -4171. What is the hundreds digit of g?
2
Suppose 0 = 3*g - 13855 + 2092. What is the tens digit of g?
2
Let q = 517 + -379. What is the units digit of q?
8
Let l = 2476 - 2404. What is the tens digit of l?
7
Suppose -w + 3751 = 3*m - 5*w, -5*m + w + 6263 = 0. What is the tens digit of m?
5
Let p(m) = -11*m + 26. Let d(a) = -7*a + 17. Let u(v) = -8*d(v) + 5*p(v). Suppose 31*r - 795 = -299. What is the units digit of u(r)?
0
Suppose 7*g = 10*g - 3*i - 10107, -3357 = -g - 5*i. What is the thousands digit of g?
3
Suppose 7*z - 2*z = 1010. Let f = z + -119. What is the tens digit of f?
8
Let j(v) = 2*v**2 - 37*v + 64. Let m(o) = 3*o**2 - 55*o + 96. Let k(u) = 8*j(u) - 5*m(u). What is the units digit of k(28)?
8
What is the units digit of (-10 - -1064)/1 + 4?
8
Let v = -28 + 43. Suppose -s = -4*s + v. Suppose 0 = -2*k + s*k - 48. What is the units digit of k?
6
Let v(o) = -o + 8. Let a be v(5). Suppose 5*k + y = 217, 2*k + 35 = 3*k + a*y. Suppose -f + 7 = -k. What is the units digit of f?
1
Let q = 37 - -358. What is the hundreds digit of q?
3
Let b(m) = 7*m - 4. Let j be b(4). Suppose 5*h = 5*y - 15, -y + 4*h - 6 + 24 = 0. What is the tens digit of y + j*(-9)/(-6)?
3
Let n be -2 + (2 - -1) + 28. Let b = -32 + n. What is the tens digit of 36 + (-5 + -1 - b)?
3
Let o be 3*(-3 + 2 + 3). Let s be (-2)/o - 221/39. Let j(l) = l + 11. What is the units digit of j(s)?
5
What is the tens digit of -3 - (-1224)/(-7 + 9)?
0
Let v(j) = -3*j**3 - 20*j**2 - 18*j + 42. Let f(k) = -k**3 - 7*k**2 - 6*k + 14. Let w(s) = -7*f(s) + 2*v(s). What is the tens digit of w(-6)?
5
What is the tens digit of (51/(-72)*-8)/((-1)/(-57))?
2
Suppose 2*v + 5*n - 5 = 4*v, 3*n = -3*v + 3. Suppose v = r + 3*r - 4. What is the units digit of r?
1
Let s(q) = -10*q**3 + 5*q**2 + q - 4. Let i(j) = j**3 - j**2 - j + 1. Let f(x) = 3*i(x) + s(x). What is the units digit of f(-2)?
7
Suppose -2*a + 5 = -a. Suppose -a*v - 4*f - 340 = -0*f, -f = 5*v + 325. Let b = -46 - v. What is the units digit of b?
8
Let p = 3812 + -1525. What is the tens digit of p?
8
Suppose -4*r - 10 + 18 = 0. Suppose r*o + 79 = d, -d = 3*d + o - 361. What is the units digit of d?
9
Suppose 4*u = 5*m + 366, u = -0*u - 3*m + 100. Suppose 369 = 5*i + u. What is the units digit of i?
5
Let g(p) = 261*p - 222. What is the hundreds digit of g(2)?
3
Suppose 0 = 14*w - 9*w + 95. Let b = 28 + w. Suppose 105 = 14*z - b*z. What is the units digit of z?
1
Let b be 18/42 - 22/(-14). Suppose g + b*x - 163 = -2*g, -5*x + 270 = 5*g. What is the units digit of g?
5
Let c(a) = -a**2 - 10*a + 13. Let j be c(-9). Let w = j + -36. Let y = 43 + w. What is the units digit of y?
9
Let y be (-4224)/84 - (-2)/7. What is the units digit of (-2020)/y - 3/(-5)?
1
Let l be ((-90)/8)/(27/(-72)). Let j be l*(24/20)/3. Suppose -6*r + 54 - j = 0. What is the units digit of r?
7
Suppose 3*d - 977 = -4*x, -6*d - 5*x - 294 = -7*d. What is the tens digit of d?
1
Let x(k) = -63*k**2 + k**3 + 19 + 24*k**2 + 26*k**2. What is the units digit of x(13)?
9
Let h(o) = 10*o**2 - 5*o + 5. Let c be h(2). Let s = -13 + c. What is the units digit of s?
2
Let b(h) = -h**2 - 17*h + 4. Let m be b(-17). Suppose 6*o = 5*q + o - 30, -q = m*o - 31. What is the tens digit of q?
1
Suppose 6 = 3*a - 9. Suppose 4*x - 356 = -4*z, 0*z - a*z - x = -441. What is the units digit of z?
8
Suppose -4*y = -21 + 5. Suppose 0 = -p + y, c - p + 3*p = 14. Suppose 5*a + 20 = 4*l - c, -4*l - a + 38 = 0. What is the units digit of l?
9
Suppose 1 = 2*k + 3*u - 20, 4*k - 37 = -5*u. Suppose -1 + 13 = 4*x. What is the tens digit of 27 - x/k*1?
2
Suppose 69*y = 56*y + 40573. What is the tens digit of y?
2
Let f(v) = -v**3 - 5*v**2 - 7*v - 1. Suppose -5 = -3*p + 4*z - 16, 0 = -2*z - 2. What is the tens digit of f(p)?
3
Suppose -197 = -3*k + 430. What is the tens digit of k?
0
Suppose 4*o - 2301 = -5*f, -14*o + 1847 = 4*f - 17*o. What is the units digit of f?
1
Let u = -28 - -8. What is the units digit of (3/(-6) - u/(-8)) + 228?
5
Let n = -3890 - -6096. What is the units digit of n?
6
Let z(g) = -5*g - 23. Let i(t) = 1. Let j(x) = 4*i(x) + z(x). What is the units digit of j(-6)?
1
Suppose -4*z = 5*b - 13566 + 3354, 4*z - 10220 = -3*b. What is the tens digit of z?
5
Let l(c) = -4*c - 5. Let f(x) = -8*x - 9. Let j(o) = 2*f(o) - 5*l(o). Suppose n